-0*v + i. Let j(l) = 3*l**2 - l - 7. Let k be j(v). Suppose -3*o - 98 = -3*u - k, 0 = -o - 5. List the prime factors of u.
2, 5
Let w be (-6)/14 - (-72)/21. Let s(q) = 7*q**3 - 2. List the prime factors of s(w).
11, 17
Let p(f) = 2*f**2 - 14*f + 36. What are the prime factors of p(26)?
2
Suppose -a + 3*n + n = 10, 3*a - 5*n + 16 = 0. Let r(z) = -34*z. What are the prime factors of r(a)?
2, 17
What are the prime factors of (-4 + (7 - -2))*(-3873)/(-15)?
1291
Let a(j) = j**3 + 6*j**2 + 10*j + 5. Let d be a(-4). List the prime factors of (2325/(-62))/(d/4).
2, 5
Suppose -36 = -4*u + 5*i, 0 = 5*u + 3*i - 126 + 44. What are the prime factors of (-4)/u + 3 + (-3405)/(-35)?
2, 5
Let n(t) = -6*t - 11 + 3*t + 5*t**2 + 5*t**2 + t**3 + 5*t. Let g be (-1 - (2 - -1)) + -5. What are the prime factors of n(g)?
2, 13
Let m = -7 + 9. Let p be ((-11)/(-2))/(m/4). Suppose p = c + 9. List the prime factors of c.
2
Let s be -3 + (-3 - -6) - 3. Let f(z) = z**3 - 5*z**2 - 2*z. Let o be f(4). List the prime factors of (-1 - o)*(s + 4).
23
Suppose 3*l - 278 + 29 = -3*q, -3*q - 5*l + 239 = 0. What are the prime factors of 6*2/6 - q*-1?
2, 3, 5
Suppose -2*g + 0*g = 0. Suppose 0 = -5*f + 15, 3*l + g*l - f - 9 = 0. Suppose r = z + 21, -2 = -z - l. List the prime factors of r.
19
Suppose 7 = 5*l - 8. Suppose -2*y + 354 = -2*p, -p = -l*y + y + 359. List the prime factors of y.
2, 7, 13
Let j(z) = -z**3 + 9*z**2 - 7*z + 2. Let v be j(8). Suppose 0 = -5*i - v, -4*f - 117 = 3*i + 173. Let q = -16 - f. What are the prime factors of q?
5, 11
Let h(a) = -a**2 - 6*a + 9. Let i be h(-7). Suppose 0 = -i*s + 5*s + 12. Let k(x) = x**2 - 2*x - 5. List the prime factors of k(s).
19
Let a = -15 + 23. Let j(c) = 5 - c - a*c**2 - c**3 + 0*c**3 + 4. List the prime factors of j(-8).
17
Suppose 0 = -4*m + p + p + 1124, 3*p + 846 = 3*m. What are the prime factors of m?
2, 5, 7
Suppose h + 222 = 3*h. Suppose -v - h = -4*v. What are the prime factors of v?
37
Suppose 0 = -12*l + 5627 + 14869. What are the prime factors of l?
2, 7, 61
Suppose z - p - 66 = -z, 3*p = -4*z + 122. Let o = z - -78. What are the prime factors of o?
2, 5, 11
Suppose 4*n - 2*h = 2*h + 992, -3*n = -2*h - 745. List the prime factors of n.
3, 83
Let o be (-1 - (-1 - 1))*4. Let k(b) = -49*b + 7*b**2 + 23*b - 4 + 21*b - b**3. List the prime factors of k(o).
2, 3
Suppose -2*h + 5 + 15 = 4*c, -5*c + 19 = h. Suppose -3*q = c*d - 2199, -2*q + 9 - 3 = 0. List the prime factors of (d/15)/((-4)/(-6)).
73
Let k = 166 - 78. Suppose u + 3*g + 4 - k = 0, 2*u - 162 = -4*g. List the prime factors of u.
3, 5
Let y(o) = -o**2 - o - 61. Let p be y(0). Let a be p/(-6) + (-4)/24. What are the prime factors of -16*(-1)/a*10?
2
Suppose -3*q = -a + 32, 2*a + 0*a = -2*q - 32. Let h = -9 - q. Let w(r) = -r**2 + 2*r + 7. List the prime factors of w(h).
2
Let v(k) = -k**3 - 7*k**2 + 5*k + 9. Let i be v(-6). Let g = 94 + i. Let d = g + -6. What are the prime factors of d?
31
Let t(w) = 19*w**2 + 20*w + 1. What are the prime factors of t(6)?
5, 7, 23
Let a = 15 + -15. Suppose 2*f - 84 = -a*f. List the prime factors of f.
2, 3, 7
Let r be ((-2)/6)/(1/(-51)). Suppose b + r = 4*b + d, -b - d = -7. Suppose -b*j + 264 = -41. List the prime factors of j.
61
Let t = 375 + -333. What are the prime factors of t?
2, 3, 7
Suppose 43*h - 78*h + 99190 = 0. List the prime factors of h.
2, 13, 109
Suppose 9*a + 131 + 580 = 0. Suppose 0 = -5*m + g + 694, 0 = 5*g + 16 + 4. Let k = m + a. What are the prime factors of k?
59
Let y be (-2 - 64/(-2)) + -2. Let u = -26 + y. Suppose 0 = -u*o + 69 + 11. What are the prime factors of o?
2, 5
Let q = 287 - 715. What are the prime factors of (q/(-2) + 0)/(10/5)?
107
Suppose 2*r + 5*m - 4 = -1, -4*m + 36 = -4*r. Let y be r/(1 - 4)*-13. List the prime factors of (-1044)/y - (-20)/(-130).
2, 5
Suppose -4*p + 7304 = z - 5*z, 7304 = 4*p + 2*z. What are the prime factors of p?
2, 11, 83
Suppose 8*u + 2 = 9*u. Suppose u*m + 13 = 155. What are the prime factors of m?
71
List the prime factors of (126/2)/(-3)*6030/(-105).
2, 3, 67
Let i(y) be the first derivative of -y**5/8 + 3*y**4/8 + 5*y**3/3 + 12. Let g(k) be the third derivative of i(k). What are the prime factors of g(-4)?
3, 23
Let w(p) = 92*p**3 - p**2 + 2*p - 1. Let a(s) = -s**3 - 17*s**2 + s + 18. Let u be a(-17). What are the prime factors of w(u)?
2, 23
Let b(t) = -t**2 + 2*t**2 + 4 + t - 7*t + 2*t**2. Let g be b(5). List the prime factors of 4/(-14) + 553/g.
11
Suppose 3*y + 15 = -2*u - 0*y, 0 = 5*u - y - 5. Suppose -2*v + 180 = -3*h, -3*v + u*h + 3*h = -276. List the prime factors of v.
2, 3
Suppose 0 = -2*f - w + 47, -41 = -2*f - 4*w - 9. Let c = f + -24. Suppose 2*t + c = 0, 5*b + 2*t + t = 332. What are the prime factors of b?
67
List the prime factors of 35*(-1)/(28/(-712)).
2, 5, 89
Let j = 2475 - -360. List the prime factors of j.
3, 5, 7
Let t(r) = r**3 - 6*r**2 - 6*r + 1. Let u be t(7). Let w = u + -4. Suppose -w*k = -2*k - 48. What are the prime factors of k?
2, 3
List the prime factors of (-13818)/(-63) - 4/(-6).
2, 5, 11
Suppose -1166 = 64*g - 75*g. List the prime factors of g.
2, 53
Suppose 872 = 3*g - 5*u - 301, -2*g + 2*u + 786 = 0. List the prime factors of g.
2, 3, 11
Let r(t) = -2*t**2 - 2*t - 11. Let w be r(-4). List the prime factors of 707*(-2 + (-80)/w).
2, 101
Let z(j) = 41*j**2 + 1. Suppose -c + t + 13 = 4*t, 0 = 5*t - 25. What are the prime factors of z(c)?
3, 5, 11
Suppose 6*k - 16453 = 2207. List the prime factors of k.
2, 5, 311
Let m(v) = v**3 - 7*v**2 + v + 2. Let t be m(7). Suppose -5*l + 3*a + 66 = 0, -5*l + 30 + 30 = -5*a. Let p = l - t. What are the prime factors of p?
2, 3
What are the prime factors of ((-36)/(-21))/(18/(-203301)*-7)?
2, 3, 461
Let a = 119 - 17. What are the prime factors of (312/(-65))/(a/(-50) - -2)?
2, 3, 5
Let p = -177 + 305. List the prime factors of p.
2
Suppose 4*r = 2*j - 16, -r = 3*j + r. Suppose p = 0, -2*x + 52 - j = 5*p. Suppose -o + 22 = -x. What are the prime factors of o?
47
Suppose -1353 = -3*n + 1476. List the prime factors of n.
23, 41
Let c(g) = 3*g**2 + 4*g - 4. Let h be c(2). Let x be (h/(-5))/(4/(-10)). Let r = x - 5. List the prime factors of r.
3
Let i = 1767 + 489. Suppose -2*c = -i + 264. List the prime factors of c/52 - (-2)/(-13).
19
Suppose 54*f - 100 = 49*f. Suppose -5*r = f, -n + 227 = 3*r + 47. What are the prime factors of n?
2, 3
Let g(c) = -2*c**3 - 2*c**2 + c. Let k be g(-2). Suppose -2*q = -k*q. Suppose -5*m + 2*s = -184, q = 2*s - 5 - 1. List the prime factors of m.
2, 19
Let i = -385 + 673. What are the prime factors of i?
2, 3
Let r be -3*(-1)/(-4)*-20. What are the prime factors of r/9*(-198)/(-6)?
5, 11
Let g(f) = -f**3 + 21*f**2 + 23*f - 28. Let a be g(22). What are the prime factors of (-1575)/(-6) + a/(-12)?
263
Suppose -4*s + 568 = -104. What are the prime factors of s?
2, 3, 7
Let x be 3/(-6)*((-216)/(-3))/(-4). Suppose u + 1648 = x*u. List the prime factors of u.
2, 103
Suppose -38*l + 23*l + 34890 = 0. What are the prime factors of l?
2, 1163
Let v(u) = -574*u**2 + 2*u + 1. Let r be v(-1). Let m be 3/9 + r/(-3). Suppose m = 4*g + 40. What are the prime factors of g?
2, 19
Suppose 3*c + 3*d + 921 = 6*d, 3*c = -5*d - 897. Let o = -200 - c. List the prime factors of o.
2, 13
Let d(b) = 3*b**2 + b + 120. List the prime factors of d(-15).
2, 3, 5, 13
Let f = -8 + 13. Suppose f*i = 5*g - 0*g - 360, 2*g - 114 = -4*i. List the prime factors of g.
67
Let a(k) = 20*k + 230. List the prime factors of a(51).
2, 5
Suppose -2*x + 239 = -187. Let k = x - 98. List the prime factors of k.
5, 23
Let v(a) = 78*a**2 + a + 1. Let n(i) = 3*i + 8. Let q be n(-3). Let g be v(q). Let l = -47 + g. List the prime factors of l.
31
Let w(c) = -c**3 - c**2 + 3*c. Let y be ((-5)/2 + 3)*0. Let f be -2*(y + 2) - -1. What are the prime factors of w(f)?
3
Suppose -4*i = -5*m - 0*i + 1631, -2*m + 654 = -2*i. Let s = 651 - m. What are the prime factors of s?
2, 41
Suppose -d - b - 4*b + 100 = 0, d - 3*b - 92 = 0. Let y = 35 + d. List the prime factors of y.
2, 5, 13
Suppose -2*m + 3*z = 2*z + 16, 5*m + 2*z + 22 = 0. Let s = -53 - m. List the prime factors of 6/4 + s/(-2).
5
Let s be ((-12)/5)/(2/(40/(-6))). List the prime factors of 66*(3 - s/3).
2, 11
Let a(s) = -28*s**3 + 5*s**2 + 5*s + 1. List the prime 